65 - -68. Suppose -x*y = b - 91, 0 = 3*b + 3*y + 2*y - 285. What are the prime factors of b?
2, 5
Suppose 5*n = 3*z + 522, -3*n + 349 = -2*z - 0*z. Suppose 5*u - 544 = 3*u. Let o = z + u. List the prime factors of o.
3, 31
Let m be 60/8*(-16)/(-6). Suppose -3*p = 2*z - 13, m*z = 16*z + p + 5. List the prime factors of z.
2
Suppose 3*f - 15 = 2*f. Let c = 41 - f. Suppose -a + 129 + c = 2*h, -3*a + 65 = h. What are the prime factors of h?
2, 5
Let u(d) = 16*d**2 + 20*d + 21. Let b(s) = -14*s**2 - 19*s - 22. Let m(q) = -6*b(q) - 5*u(q). What are the prime factors of m(-5)?
3, 19
Suppose 26937 = 3*w + 4*y, 237*y = -5*w + 232*y + 44895. List the prime factors of w.
3, 41, 73
What are the prime factors of ((-104148)/(-176))/((-18)/(-168))?
3, 7, 263
Suppose 8*c = 11603 + 14133. What are the prime factors of c?
3217
Let s(p) = 5*p**2 + 45*p + 18. Let x be s(-8). What are the prime factors of 4/x + 41883/33?
3, 47
Suppose -23 = -4*m - 7. Suppose -d + 209 = 4*s + 63, -s = m*d - 509. Suppose l = -2*l + d. What are the prime factors of l?
2, 3, 7
Let f = -18 + 20. Let h(r) = f*r**2 + 18*r - 10 + 18 + 2*r**2 - 9. List the prime factors of h(-9).
7, 23
Let y = -513 + 22206. List the prime factors of y.
3, 7, 1033
Let h(o) = -472*o - 1146. List the prime factors of h(-11).
2, 7, 17
Let l be (-2)/(-7) - 32/14. Let m be ((-12)/10)/(456/3420). What are the prime factors of (l + 1 + 31)*(-9)/m?
2, 3, 5
Suppose -w - 3 = -u - u, 0 = -4*u - 4*w. What are the prime factors of 276/1 + (-20*u)/5?
2, 17
Suppose 0 = 14*c + 11126 - 332034. Suppose c = 42*l - 13744. What are the prime factors of l?
3, 97
Let b(a) = -a**3 - 48*a**2 - 136*a + 161. List the prime factors of b(-61).
2, 5, 5683
Let m = 114004 - 64145. List the prime factors of m.
73, 683
Suppose 2*d - 2*j = 104, 0*d + 4*j = -d + 27. Suppose -46*a = -d*a - 111. Let u = a + 180. List the prime factors of u.
3, 23
Suppose 6*a + 1027 - 919 = 0. Let m(h) = -99*h - 411. What are the prime factors of m(a)?
3, 457
Let y = -31729 - -75138. What are the prime factors of y?
83, 523
Let h = -11468 + 20968. List the prime factors of h.
2, 5, 19
Let t(q) = q**3 - 3*q**2 + 10*q - 7. Let o be t(6). Suppose -155*u + o*u - 2784 = 0. List the prime factors of u.
2, 29
Let w = -465 - -794. Let n be -216 + (-42)/8 + (-50)/(-200). Let b = w + n. What are the prime factors of b?
2, 3
Let r(g) = -g**2 + 24*g - 72. Let h be r(18). Suppose h*t - 8*t - 11200 = 0. What are the prime factors of t?
2, 5
Let k(p) = 12*p**2 - 39*p + 152. What are the prime factors of k(-17)?
4283
Suppose 0 = -3594*m + 3599*m - 39570. What are the prime factors of m?
2, 3, 1319
Suppose 18*n + 210 = 32*n. Suppose 7*u + 3264 = n*u. What are the prime factors of u?
2, 3, 17
Suppose 6*y = 2*y + 96. Let n(i) = 11*i + 8*i**2 + y + i**3 - 24. What are the prime factors of n(-5)?
2, 5
Let g(q) = -2*q**2 - 292*q - 121. List the prime factors of g(-102).
5, 7, 11, 23
Suppose 5*m - 25674 = -29*v + 25*v, 8 = -4*m. List the prime factors of v.
6421
Suppose 98*i - 1651871 = 328405 + 391520. What are the prime factors of i?
2, 12101
List the prime factors of 28/(-3)*(117765/(-35) + -9).
2, 3, 41
Suppose -605 = -13*i + 8*i. Suppose -113*n - 3360 = -i*n. List the prime factors of n.
2, 3, 5, 7
Suppose 0 = 6*v - 3*v + 4*m + 13, m = -4. Suppose -2*q - a = 11, -3*q = -a - v + 10. What are the prime factors of (155 - -3)/2 - q?
83
Let l = 370 - 364. What are the prime factors of (42/l - 12) + 970?
5, 193
What are the prime factors of 21883*13/(-65)*-5?
79, 277
List the prime factors of ((-26722)/(-8))/(-1 + 15/12) + -2.
3, 61, 73
Suppose -h - 3*w - 4 = -0*h, 3*w = -3*h + 6. Suppose 3*t = 5*p - 1882 - 88, h*t = 4*p - 1576. What are the prime factors of p?
2, 197
Let f(y) = y**3 - 4*y**2 + 5. Let o be f(3). Let j be 2 + ((-2)/(-3))/(o/(-132)). List the prime factors of (1 - j/9)/((-4)/48).
2, 5
Let q be (-5)/(-20)*68 + -2. What are the prime factors of (15/10)/(q/17000)?
2, 5, 17
Let u = 31178 + -12440. List the prime factors of u.
2, 3, 347
Let u(y) = 16*y**3 - 7*y**2 + 12*y + 7. Let x be u(-7). List the prime factors of (-2 + 3)/(14/x)*-2.
2, 211
Suppose 0 = -p - 4 + 8, 4*p - 24 = -2*i. Suppose -z = -37 - i. What are the prime factors of z?
41
Let y(o) = -4991*o - 5223. List the prime factors of y(-5).
2, 4933
Let m be (1*(1 + -2))/(4/(-24)). Let j(g) = -4*g - 7. Let a be j(-10). List the prime factors of (0 + a)*2*4/m.
2, 11
Suppose -3*p - 3*i = -9498, 2*p - 6325 = 19*i - 14*i. What are the prime factors of p?
3, 5, 211
Suppose 3 = -5*i + 28, 3*i - 2335 = -4*y. Let z = -389 + y. What are the prime factors of z?
191
Suppose 2*r + 6318 = 2*h - 3152, 3*h - r - 14215 = 0. What are the prime factors of h?
2, 3, 5, 79
Let r(x) = 50 - 125 + 64 + 10*x + 207*x**2. What are the prime factors of r(2)?
3, 31
Let u(l) = -2*l**3 + 15*l**2 + 11*l - 21. Let r be u(8). What are the prime factors of r/(-4)*-274 + 7/14?
2, 103
Suppose -14*f = -3650 - 2860. What are the prime factors of (1 - (-29)/3)*(-285 + f)?
2, 3, 5
Let a(i) = -i**2 - 23*i + 90. Let s be a(4). Let w = 162 + -94. Let p = w + s. List the prime factors of p.
2, 5
Suppose 6*q - 2 = 58. Let b be q/(-3 + 5 - (-1 + 1)). Suppose -498 = -d - b*d. What are the prime factors of d?
83
Let g be 4/10 + (-66)/(-10). Suppose 3 + g = -b. List the prime factors of (12/b)/2 + 159/15.
2, 5
Suppose -2*r - 12 = -8*r. Suppose -10 + r = -4*n. Suppose n*c + 56 = 3*c. List the prime factors of c.
2, 7
Suppose -5*q + 23747 = 2*x, -2*q + 9502 = -17*x + 21*x. List the prime factors of q.
3, 1583
Suppose -27948 = -24*y + 7*y + 40800. What are the prime factors of y?
2, 3, 337
Suppose 77*m = 71*m + 16626. List the prime factors of m.
17, 163
Suppose 1 + 11 = w. Let c = 60 + w. What are the prime factors of c?
2, 3
Suppose 0 = -14*u - 15 + 15. Suppose -3*l + 690 - 204 = u. What are the prime factors of l?
2, 3
Let r(h) = 32*h - 10. Let x be -4 - (2/10 - (-82)/(-10)). What are the prime factors of r(x)?
2, 59
Suppose 8*k - 122 = -74. List the prime factors of 20190/12 + ((-33)/(-6) - k).
2, 29
Let k(y) = -3*y**3 + 2*y**2. Let g be k(-1). Suppose -2*f + 719 = 3*r - 2293, -5007 = -g*r + f. What are the prime factors of r?
2, 3, 167
Let m = 34613 + -23068. What are the prime factors of m?
5, 2309
Suppose 75*u - 71*u = 17495 + 40861. List the prime factors of u.
3, 1621
Let r(u) = 33*u**3 + 2*u**2 + 3*u - 185. List the prime factors of r(7).
3, 11, 31
Let p(d) = 3439*d + 441. What are the prime factors of p(13)?
2, 11287
Suppose -4*m = -5*q + 33246, -q + 232*m + 6654 = 230*m. List the prime factors of q.
2, 3323
Let n(r) be the second derivative of r**5/20 - r**4/4 + r**3 - 17*r**2/2 + r. Suppose -22*b + 32 = -14*b. What are the prime factors of n(b)?
23
Let p be 230/184 + (-135)/(-4). Let i = 731 + p. List the prime factors of i.
2, 383
Let t = 17503 + 2617. What are the prime factors of t?
2, 5, 503
Let w = -11759 + 17744. What are the prime factors of w?
3, 5, 7, 19
Let i = -18 + 20. Suppose -2*r + 32 = i*r. What are the prime factors of 96/36*402/r?
2, 67
Suppose 23*t = 44*t - 18*t - 11520. What are the prime factors of t?
2, 3, 5
Let y(o) = 4*o**2 + 13*o + 1. Let l(t) = -11*t**2 - 35*t - 5. Let r(a) = -3*l(a) - 8*y(a). Suppose f - 5*f + 36 = 0. What are the prime factors of r(f)?
97
Let j(i) = 544*i**2 + 6*i - 4. What are the prime factors of j(-6)?
2, 7, 349
Suppose -212*k = -416051 - 3643296 - 25469. What are the prime factors of k?
2, 4817
Let b = -111 + 121. List the prime factors of 0*1/b - (-106)/1.
2, 53
Let i be (2 - 11/2)*-8. Let x = i - 26. Suppose 157 = 5*k - c, 122 = 4*k - x*c + 3*c. List the prime factors of k.
31
Let w(x) = -x - 6. Let c be w(-16). Suppose 8*u - c*u = -4. Suppose -u*z = -5*g - 197, -g + 3*g = 4*z - 418. What are the prime factors of z?
2, 53
Suppose 4*m - 3406 - 2848 = -3*p, -m = -p + 2087. Suppose -4*i + 3*b = -p, 7 = -3*b + 1. What are the prime factors of i?
2, 5, 13
Let o(d) = -d**3 + 14*d**2 + 22*d - 24. Let y be o(14). Let a = -87 + y. List the prime factors of a - 32 - -5*1.
2, 5, 17
Let t(x) = -x**2 - 7*x - 10. Let n be t(-4). List the prime factors of 0/n - -183 - -3.
2, 3, 31
Let c be -1*4/(8/166). Let y = c - -427. What are the prime factors of y?
2, 43
Suppose 69*r - 849536 - 54023 = 26*r. List the prime factor